e remainder when u is divided by i.
3
Suppose 0 = -5*i - 15 + 60. Suppose 0 = -4*t, 0 = -p - 6*t + t - 2. Let z = 15 - p. What is the remainder when z is divided by i?
8
Let k be (0 - -4)/(-3 + 4). Suppose -m - k = -2*m. What is the remainder when 10 is divided by m?
2
Let n = 86 - 48. Suppose -6*i + 50 = -i. Calculate the remainder when (-2)/((-4)/n)*1 is divided by i.
9
Suppose -3*z - 12 = -4*p - 57, 2*z - 30 = -2*p. Suppose 4*v - 157 = z. What is the remainder when v is divided by 15?
13
Suppose -5*w + 20 = 0, -4*h = 3*w - 2 + 18. Let u(q) = q + 10. Calculate the remainder when 4 is divided by u(h).
1
Let g(m) = m + 14. Let u be g(-10). Let v(i) = -17*i**3 - i**2 - i - 1. What is the remainder when (u/(-6))/(14/(-987)) is divided by v(-1)?
15
What is the remainder when 100 is divided by (-4)/14 + 3680/140?
22
Let q(h) = -2*h**2 + 11*h + 7. Calculate the remainder when 177 is divided by q(5).
9
Let j(q) = 8*q**2 - 3. What is the remainder when j(4) is divided by 18?
17
Suppose -5 = -3*r + 46. Let g = -6 + 15. What is the remainder when r is divided by g?
8
Let v be (-15 - -7)*(-1)/2. Suppose 3 = 3*p + s - 12, -v*p + 22 = 2*s. Suppose 0 = p*k + 1 - 33. What is the remainder when k is divided by 5?
3
Let n = -5 - -4. What is the remainder when 16 is divided by 1/2*(17 - n)?
7
Let b(k) = -6*k - 7. Let g be b(-5). Suppose -4*z + 4*s = -88, -z - z - 5*s = -g. What is the remainder when z is divided by ((-15)/(-4))/(15/40)?
9
Let c = -32 + 50. Calculate the remainder when 35 is divided by c.
17
Calculate the remainder when 19 is divided by 33/5 - (-6)/15.
5
Suppose 3*k + h - 37 = 0, 4*k - 9*h + 7*h - 66 = 0. Let u = -28 + 67. Calculate the remainder when u is divided by k.
11
Let x(l) = l**3 + 8*l**2 + 4*l + 28. Calculate the remainder when x(-7) is divided by 10.
9
Let x(r) = -r + 37. Suppose 6*n - n = 0. Calculate the remainder when x(n) is divided by 13.
11
Let f(j) = -j**3 - 15*j**2 - 20*j + 11. Calculate the remainder when f(-14) is divided by 24.
23
Suppose 3*v = -54 + 201. Let a = 13 + 0. What is the remainder when v is divided by a?
10
Let n(p) = -p**3 + 3*p - 2. Calculate the remainder when n(-3) is divided by 5.
1
Let t(j) = -j**3 - 10*j**2 - 12*j - 12. Let c be t(-9). Calculate the remainder when 3 is divided by c/4 + 3/(-4).
0
Suppose 0 = 2*u - 3*u, -216 = -4*r - 4*u. Calculate the remainder when 269 is divided by r.
53
Suppose -5*k + 0 = -55. What is the remainder when 53 is divided by 196/k - (-2)/11?
17
Let j = 10 - 3. Let f be j/2*(-8)/(-14). Suppose 0 = -c - f*c + 24. Calculate the remainder when 22 is divided by c.
6
Let p(y) = -y**3 + y**2 - 7*y + 7. Let j be p(4). Let h = -38 - j. Calculate the remainder when h is divided by 17.
14
Let k(d) = -12*d + 1. Let c = 42 - 4. Calculate the remainder when c is divided by k(-1).
12
Suppose 461 = 2*h + h - 5*w, 0 = -w + 2. Calculate the remainder when h is divided by 53.
51
Let h(k) = k**2 + 3*k - 4. Let u(r) = -2*r - 5. What is the remainder when u(-8) is divided by h(-5)?
5
Suppose 4*k = 2*x - 6, -3*x + 7*x + 12 = 0. Calculate the remainder when 33 is divided by (9/(-5))/(k/15).
6
Suppose -2*d = 3*d - 560. Suppose 5*m = 3*g + 155, -2*g = 5*m - 2*m - d. What is the remainder when m is divided by 12?
10
Suppose -2*p - i = -3*i - 14, -3*p + 33 = i. What is the remainder when 46 is divided by p?
6
Let v = -24 - -31. Calculate the remainder when 26 is divided by v.
5
Let t be ((-35)/14)/((-2)/4). Suppose -3 + 43 = t*c. What is the remainder when 14 is divided by c?
6
Suppose 9*h + 12 = 10*h. Calculate the remainder when (-138)/(-4) - (-1)/2 is divided by h.
11
Let m = 85 + -48. Calculate the remainder when m is divided by 14.
9
Let l(g) = -g**2 - 15*g - 6. Calculate the remainder when 117 is divided by l(-12).
27
Let n be (0 - 1)*(-3 - 2). Suppose -68 = -n*w + 2*b, -3*w + b - 6 + 47 = 0. Calculate the remainder when 10/15 + 242/6 is divided by w.
13
Let u(j) = -4*j - 5. Calculate the remainder when u(-6) is divided by 7.
5
Let v(p) = p**2 + 11*p - 15. Calculate the remainder when v(-14) is divided by 14.
13
Let m(f) = 4*f. Let z be m(1). Suppose -85 = -z*b - 25. Calculate the remainder when b is divided by 9.
6
Let q(m) = m**3 + m**2 - m + 16. What is the remainder when 31 is divided by q(0)?
15
Let q = 35 - 22. Calculate the remainder when 25 is divided by q.
12
Let p(a) = a**2 - 9*a - 7. Suppose -1 + 11 = z. What is the remainder when 4 is divided by p(z)?
1
Suppose 2*h - 3 - 55 = 0. Calculate the remainder when 56 is divided by h.
27
Let w be -2*(-3)/(-12)*-4. Suppose -68 = -w*r - 2*r. What is the remainder when 32 is divided by r?
15
Calculate the remainder when 45 is divided by (-2)/(-4) - (-741)/26.
16
Let a = 26 + -18. Let b(c) = -c**2 + 5*c + 1. What is the remainder when a is divided by b(4)?
3
Calculate the remainder when (22/(-6))/((-10)/90) is divided by 12.
9
Let u(m) = -11*m**3 + 2*m**2 + m. Calculate the remainder when 21 is divided by u(-1).
9
Suppose -o = 4*w - 113, 125 = w + 3*w - 3*o. Let r(l) = -5*l - 2. Let a be r(-3). Calculate the remainder when w is divided by (1 - 3) + a + 4.
14
Let v = 16 + -10. Suppose w - 5 + 0 = 0. What is the remainder when w is divided by (4/v)/1*3?
1
Suppose -2*l + 2*r - 3 = -r, -r + 17 = 2*l. Let n be 3 + (-3 + 3 - l). Calculate the remainder when 23 is divided by (-27)/n - (2 + -1).
7
Suppose -4*b + 25 = -c - 26, -2*b + 33 = c. Let y = -8 + 13. Calculate the remainder when b is divided by y.
4
Suppose -33*n + 306 = -15*n. Suppose -35 = -o - 0*u + u, -5*u + 135 = 5*o. Calculate the remainder when o is divided by n.
14
What is the remainder when 3 is divided by -2*(-6)/4*1?
0
Let z be 20/6 + 5/(-15). Suppose -5*v = 4*l - 65, -3*v = -4*v - z. Suppose -q + 2*q - l = 0. Calculate the remainder when q is divided by 11.
9
Let u(o) = 17*o**2 + 3*o + 2. Calculate the remainder when (-12)/(-9)*93/2 is divided by u(-1).
14
Let m(r) = r**3 - r**2 + r + 17. Calculate the remainder when 67 is divided by m(0).
16
Suppose -5*d + 133 = -4*p + p, 0 = d + p - 25. What is the remainder when d is divided by 1*12 + -1 + 3?
12
Calculate the remainder when 120*1/1 - -5 is divided by 21.
20
Suppose 0 = -0*c + c - 13. Suppose y + 3*y - 176 = 0. Suppose -s = -o - 2 + y, 156 = 4*o - s. What is the remainder when o is divided by c?
12
Let w = 3 + 1. Suppose -5*u + 3*u + w = 0. What is the remainder when u is divided by 2?
0
Let p(z) = z**3 - 2*z**2 - 5*z + 2. Let q(o) = o - 5. Let m be q(6). What is the remainder when (41 + m - 1)/1 is divided by p(4)?
13
Suppose -3*z = 2*z - 70. Suppose 0 = 2*h - 4*b - b + z, -3*b + 18 = 2*h. What is the remainder when 5 is divided by h?
2
Suppose 0 = 2*t + 3*g - 17, -8 = -t - 0*g - g. Let j = t + -4. Calculate the remainder when 1/2*(15 - -1) is divided by j.
2
Let k = -25 - -42. Calculate the remainder when 84 is divided by k.
16
Let q be (-50)/(-15) - (-4)/6. Suppose 0 - 12 = n - 5*w, 16 = q*n - 4*w. What is the remainder when 15 is divided by n?
7
Suppose -3*b + 8*b = 15. Suppose b*v - 2*o = 2*v + 31, 4 = -o. Calculate the remainder when v is divided by 12.
11
Suppose -15 + 45 = 2*b. Let j = b + -9. Let s(o) = o**2 - 5*o - 2. Calculate the remainder when s(j) is divided by 3.
1
Let h(w) = -w**2 - 7*w + 9. Let g be h(-8). Let s(r) = -r - r - r + g. What is the remainder when 12 is divided by s(-2)?
5
Let b = 6 + 5. Suppose -i - x - 3*x = -b, 5*x + 2 = i. Let f(n) = -n + 19. Calculate the remainder when f(0) is divided by i.
5
Let s(c) = 34*c - 8. What is the remainder when s(5) is divided by 15?
12
Let f be (-1)/3*3/1. Let p be (4/(-5))/(2/15). Let i = f - p. What is the remainder when i is divided by 3?
2
Let r = 11 + -2. Let d = r - -16. Let q(f) = -f**3 - 5*f**2 + 4*f - 3. Calculate the remainder when d is divided by q(-6).
7
Let u(q) = 3*q**2 + 4*q + 2. Let x be u(-6). Let w = x - 39. Calculate the remainder when w is divided by 16.
15
Calculate the remainder when 1*(-154)/(-2)*1 is divided by 20.
17
Let l be 1 + -1 + -5 + 7. Calculate the remainder when 27 is divided by 31/l + 6/(-4).
13
Let g = -38 + 112. What is the remainder when (-8 - -10)/(4/g) is divided by 10?
7
Suppose o = -b + 2*o - 6, -3*o = b + 22. Calculate the remainder when 33 is divided by ((-12)/b)/(2/20).
9
Suppose 3*j - 10 = -64. Let h = 84 + j. Calculat